53).
-2
Let t(g) = g**2 + 33*g + 132. Determine t(-27).
-30
Let j(k) = -k**2 - 16*k - 8. What is j(-12)?
40
Let v(q) = q**2 + q + 1. What is v(1)?
3
Let x(t) = 7*t**2 + 4*t + 2. Calculate x(-2).
22
Let m(i) = i**2 - 9*i + 8. What is m(10)?
18
Let v(r) = 2*r**3 + 4*r**2 - 3. Determine v(-3).
-21
Let x(m) = -5*m - 176. Determine x(-37).
9
Let w(u) = u**3 + 10*u**2 + 18*u + 15. What is w(-5)?
50
Let r(b) = b**3 - 7*b**2 - 2*b + 47. Give r(6).
-1
Let g(u) = -u**3 - 10*u**2 - 4*u + 12. Give g(-9).
-33
Let z(o) = o - 2. Give z(-4).
-6
Let z(y) = y**2 - 11*y - 46. Determine z(14).
-4
Let g(i) = 5*i + 105. Give g(-22).
-5
Let x(g) = -g**3 - 9*g**2 - 9*g - 10. What is x(-7)?
-45
Let f(b) = b**2 - b - 1. What is f(-2)?
5
Let f(m) = m**2 - 4*m + 5. Calculate f(2).
1
Let r(i) = i**2 - 14*i + 51. Give r(7).
2
Let x(n) = -9*n - 3. What is x(-2)?
15
Let v(s) = -2*s**2 - 8*s - 7. Calculate v(-5).
-17
Let q(w) = -w**3 - 12*w**2 - 16*w + 4. Determine q(-10).
-36
Let b(m) = -2*m - 46. Calculate b(13).
-72
Let o(v) = 5*v + 1. What is o(-2)?
-9
Let j(x) = -x**3 + 5*x**2 + 13*x + 5. Determine j(7).
-2
Let m(h) = -3*h + 5. Calculate m(-3).
14
Let m(k) = 4*k**2 - 3. What is m(2)?
13
Let w(i) = i**3 + 5*i**2 - 4*i - 3. What is w(-5)?
17
Let c(y) = -y**3 + 4*y**2 - 3*y + 14. Calculate c(4).
2
Let x(k) = -21*k + 306. Calculate x(15).
-9
Let b(v) = v**2 + 2*v + 1. Give b(-4).
9
Let j(f) = f**3 - 12*f**2 - 13*f + 12. Give j(13).
12
Let y(g) = -g**3 + 3*g**2 + 3*g - 5. Give y(2).
5
Let n(d) = d**3 - 5*d**2 - 10*d + 8. Give n(7).
36
Let t(l) = -l**2 + 6*l - 9. What is t(4)?
-1
Let u(k) = -4*k**2 - 3*k + 4. What is u(2)?
-18
Let i(g) = -32*g**3 + 5*g**2 + 5*g. What is i(-1)?
32
Let j(t) = t**2 - 9*t - 63. Give j(15).
27
Let v(j) = -2*j**3 - 22*j**2 - 16*j - 12. Give v(-10).
-52
Let o(r) = 19*r**3 + 2*r**2 - 2. Determine o(1).
19
Let d(n) = n**3 + 5*n**2 + 3. Give d(-4).
19
Let g(f) = f**3 - 5*f**2 - 8*f - 3. Calculate g(6).
-15
Let q(y) = 15*y + 5. Calculate q(-3).
-40
Let t(m) = m - 2. Give t(2).
0
Let i(q) = -2*q**2 + 17*q + 37. Give i(11).
-18
Let k(t) = t + 22. Give k(0).
22
Let w(a) = -2*a**2 - 10*a - 3. Calculate w(-5).
-3
Let b(n) = n**3 - 22*n**2 + 9*n - 201. Give b(22).
-3
Let d(t) = t**2 + 31*t + 165. Give d(-6).
15
Let d(n) = n**3 - 28*n**2 + n - 19. Calculate d(28).
9
Let y(m) = m**2 + 4*m - 9. What is y(-5)?
-4
Let i(s) = -s**2 + 21*s - 2. Calculate i(8).
102
Let s(a) = 40*a**2 - a. What is s(1)?
39
Let v(a) = -3*a + 32. What is v(10)?
2
Let q(b) = b**3 - 3*b**2 - 8*b - 5. Give q(5).
5
Let h(w) = w**3 - 13*w**2 + 10*w - 17. Give h(13).
113
Let j(t) = t - 16. Calculate j(15).
-1
Let m(i) = -2*i - 11. Determine m(-8).
5
Let y(b) = -b**2 - 18*b + 18. What is y(-18)?
18
Let p(w) = w + 9. Give p(-9).
0
Let m(a) = 2*a**2 - 5*a + 3. What is m(3)?
6
Let y(o) = o**3 - 5*o**2 - 1. Give y(5).
-1
Let w(o) = -o**3 - 3*o**2 - 9*o - 38. Give w(-3).
-11
Let f(s) = 5*s - 8. What is f(4)?
12
Let h(s) = -s + 14. Determine h(3).
11
Let s(o) = -o**3 - 3*o**2 - 7*o + 17. Calculate s(3).
-58
Let l(c) = -20*c - 193. Give l(-10).
7
Let b(n) = 6*n + 18. Give b(-5).
-12
Let k(m) = -m + 4. Calculate k(-4).
8
Let f(k) = k**3 + 17*k**2 - 49*k - 225. Give f(-19).
-16
Let l(a) = -a**3 + 2*a**2 + 3*a - 2. Give l(1).
2
Let g(l) = -l**2 + 19*l - 1. Determine g(19).
-1
Let v(i) = 5*i**2 + 78*i + 52. What is v(-15)?
7
Let g(r) = -r**2 - 23*r - 36. Give g(-21).
6
Let u(p) = 2*p**2 + 5*p - 2. Calculate u(2).
16
Let o(q) = -q - 5. Determine o(-13).
8
Let o(p) = -p**3 + 19*p**2 + 44*p + 7. Calculate o(21).
49
Let j(b) = -b**3 - 13*b**2 - 13*b - 10. Determine j(-12).
2
Let r(y) = y**2 - 3*y + 2. Give r(4).
6
Let g(d) = -297*d - 1486. Calculate g(-5).
-1
Let x(q) = -q**2 - 11*q + 2. Determine x(-12).
-10
Let i(o) = o**3 - 5*o**2 + 4*o - 43. Give i(6).
17
Let d(z) = -15*z**2 - 2*z - 1. Calculate d(-1).
-14
Let x(t) = t**2 + 14*t + 11. Determine x(-6).
-37
Let b(a) = 71*a + 278. Calculate b(-4).
-6
Let t(v) = -3*v**2 - 29*v - 16. Determine t(-9).
2
Let j(n) = 9*n - 3. Calculate j(3).
24
Let f(j) = j**3 - 16*j**2 + 12*j + 26. Determine f(15).
-19
Let g(x) = -x**3 + x**2 + 12*x - 10. What is g(4)?
-10
Let t(r) = -r**2 - 39*r + 175. What is t(-43)?
3
Let t(n) = 21*n + 99. Give t(-6).
-27
Let o(c) = -5*c**2 + 2*c. Give o(-2).
-24
Let j(o) = -2*o**2 - 4*o + 12. Determine j(-4).
-4
Let m(j) = 2*j. Calculate m(-11).
-22
Let t(p) = -p - 6. What is t(3)?
-9
Let h(d) = d**2 - 31*d + 134. What is h(26)?
4
Let g(d) = 3*d**3 - d**2 - 3*d + 3. Give g(1).
2
Let i(v) = 2*v - 11. Calculate i(1).
-9
Let o(b) = 123*b + 5. What is o(1)?
128
Let m(v) = -v**2 - 4*v - 4. Determine m(-5).
-9
Let t(q) = -12*q**2 - q - 1. Determine t(-1).
-12
Let q(x) = x**3 - 6*x**2 - 22*x + 39. What is q(8)?
-9
Let b(k) = k**2 + 3*k + 2. Calculate b(-1).
0
Let z(w) = 27*w + 137. Calculate z(-5).
2
Let o(m) = 5*m**3 - 2*m + 3. What is o(-2)?
-33
Let v(s) = -s**3 + 14*s**2 + 5. Determine v(14).
5
Let q(g) = -g**2 + g + 4. Give q(4).
-8
Let i(m) = 2*m**2 + 5*m - 6. Determine i(4).
46
Let w(y) = 16*y + 613. Give w(-38).
5
Let v(p) = 2*p**2 + 26*p + 12. Determine v(-13).
12
Let z(d) = 18*d**3 - 1. Determine z(1).
17
Let y(q) = q**3 + 9*q**2 - 192*q - 24. Determine y(-19).
14
Let k(r) = r - 18. What is k(0)?
-18
Let q(k) = k**3 + 17*k**2 + 3*k + 57. Give q(-17).
6
Let c(l) = -l**2 + 16*l - 8. Give c(12).
40
Let f(u) = -u**3 + 7*u**2 - 14*u + 4. Calculate f(5).
-16
Let n(v) = -2*v + 10. Give n(6).
-2
Let i(w) = 3*w**3 - 9*w**2 - 6*w + 10. What is i(4)?
34
Let q(m) = 6*m**2 - 38*m + 9. Give q(6).
-3
Let d(g) = -7*g + 10. Determine d(2).
-4
Let j(d) = 2*d**2 + 10*d + 13. What is j(-6)?
25
Let c(q) = q**2 - 9*q - 2. Calculate c(11).
20
Let x(p) = -2*p**2 + 16*p + 13. What is x(9)?
-5
Let b(k) = k**2 - 2*k - 2. Give b(-5).
33
Let j(k) = k**2 - 35*k + 148. Give j(29).
-26
Let p(y) = 13*y**2 + y - 1. Determine p(1).
13
Let c(u) = u**2 - 27*u - 426. Give c(-11).
-8
Let w(s) = 7*s + 11. Calculate w(-8).
-45
Let d(c) = -c**2 + 11*c + 26. Determine d(13).
0
Let t(o) = 5*o - 23. Give t(18).
67
Let t(z) = -z**2 - z + 3. Determine t(6).
-39
Let f(r) = r**3 - 7*r**2 - r + 10. Give f(7).
3
Let s(d) = -7*d. Determine s(1).
-7
Let j(c) = 4*c + 28. What is j(-7)?
0
Let u(v) = 7*v**2 - 5*v - 2. Give u(-1).
10
Let v(k) = k**3 - 6*k**2 + 7*k + 3. Calculate v(4).
-1
Let c(w) = -w**2 - 3*w + 17. What is c(-6)?
-1
Let t(b) = -4*b**2 - 71*b + 12. Determine t(-18).
-6
Let d(m) = 30*m + 7. Determine d(2).
67
Let r(f) = f**2 + 18*f + 26. Calculate r(-15).
-19
Let i(j) = 2*j**2 + 6*j + 3. Give i(-4).
11
Let v(d) = d**2 - 39. What is v(6)?
-3
Let p(z) = 2*z - 10. What is p(5)?
0
Let c(y) = y + 93. Determine c(-18).
75
Let x(h) = h**2 + 8*h + 2. Calculate x(-5).
-13
Let m(x) = -x**3 + x**2 - 2*x + 46. What is m(0)?
46
Let o(n) = 48*n + 21. Calculate o(-3).
-123
Let x(a) = -109*a - 1193. Calculate x(-11).
6
Let i(m) = m**2 - 22*m + 37. Determine i(20).
-3
Let f(o) = o**3 + o**2 - 10*o - 8. Determine f(-3).
4
Let u(r) = -2*r - 20. Determine u(-5).
-10
Let d(r) = 48*r + 385. Calculate d(-8).
1
Let c(r) = -11*r + 2. Calculate c(2).
-20
Let w(u) = 6*u - 4. Determine w(-2).
-16
Let w(x) = -x**3 - 9*x**2 + 8*x - 11. Calculate w(-10).
9
Let p(m) = -m**3 + 6*m**2 + 5*m - 1. Give p(6).
29
Let p(l) = 21*l - 58. What is p(7)?
89
Let r(h) = -9*h**3 + 4*h**2 + 4*h + 5. Calculate r(-2).
85
Let p(k) = -k**3 - 11*k**2 + 16*k - 14. Give p(-13).
116
Let z(c) = -c**3 - 14*c**2 - 13*c - 3. Give z(-13).
-3
Let l(x) = 7*x - 1. Give l(8).
55
Let s(q) = q**3 + 24*q**2 - 34*q - 232. Give s(-25).
-7
Let d(c) = 4*c - 32. What is d(-15)?
-92
Let g(m) = m**2 - 16*m - 46. What is g(16)?
-46
Let z(f) = 3*f - 5. Determine z(0).
-5
Let d(q) = 2*q**2 + 16*q - 13. What is d(-10)?
27
Let k(o) = -24*o - 968. What is k(-40)?
-8
Let i(l) = 4*l + 11. What is i(-3)?
-1
Let v(q) = 4*q**2 - 2*q + 1. Calculate v(0).
1
Let j(z) = z**3 - 5*z**2 + 3*z - 10. What is j(5)?
5
Let x(z) = -5*z**2 + 29*z + 6. What is x(6)?
0
Let v(u) = 3*u**2 + 50*u - 25. What is v(-17)?
-8
Let r(j) = -3*j. What is r(4)?
-12
Let g(b) = -5*b**2 + 2*b. Determine g(-1).
-7
Let l(n) = n**2 - 12. Calculate l(0).
-12
Let i(u) = -u**2 + 18*u + 83. Give i(22).
-5
Let j(q) = q**3 - 3*q**2 - 3*q + 15. Calculate j(3).
6
Let m(v) = 43*v + 2. Calculate m(-1).
-